In base 9, what is -7 + -1021?
-1028
In base 5, what is 12 - 443?
-431
In base 12, what is -4221 + 3?
-421a
In base 7, what is -2034 - 13?
-2050
In base 10, what is -43 - 1?
-44
In base 15, what is -100 + 3?
-ec
In base 11, what is 1 - 4?
-3
In base 5, what is -1140 - -4?
-1131
In base 5, what is -2313 - 10?
-2323
In base 2, what is -11 + -110101?
-111000
In base 6, what is -3 + 1200?
1153
In base 7, what is 4 - -23?
30
In base 8, what is -4 - -1047?
1043
In base 4, what is 11 + 10112?
10123
In base 8, what is -21543 + 3?
-21540
In base 4, what is 11 - -133210?
133221
In base 16, what is -8 - -1b?
13
In base 5, what is -2011 + 40?
-1421
In base 3, what is 21 - 1201111?
-1201020
In base 5, what is 1100 + 211?
1311
In base 11, what is -729 + -4?
-732
In base 12, what is -82 + -9b?
-161
In base 5, what is 0 - -10221?
10221
In base 10, what is 4 + 101?
105
In base 2, what is 11001 + 11110?
110111
In base 12, what is -1049 - 0?
-1049
In base 16, what is -22 - -3?
-1f
In base 8, what is 15 + -10?
5
In base 6, what is 2 + -343?
-341
In base 6, what is 2 - -202?
204
In base 3, what is 10 - -212001?
212011
In base 15, what is 5 + 12d9?
12de
In base 7, what is -32 - 151?
-213
In base 3, what is -12011121 - -2?
-12011112
In base 12, what is 1742 - 2?
1740
In base 10, what is -3 + 112?
109
In base 16, what is 0 + 338?
338
In base 11, what is -3 - 102?
-105
In base 4, what is -23 - 121212?
-121301
In base 6, what is 22 - -21?
43
In base 10, what is 3 - -5?
8
In base 4, what is -3232 - 0?
-3232
In base 2, what is -11111 - -11?
-11100
In base 16, what is -52 + -83?
-d5
In base 7, what is 1412 + -1?
1411
In base 13, what is -a1 + -4?
-a5
In base 15, what is -6bce + -1?
-6bd0
In base 7, what is 3 + 2?
5
In base 3, what is 2002002 + -1?
2002001
In base 15, what is 3 - -6a?
6d
In base 14, what is -4 - 14?
-18
In base 16, what is 1 - -40?
41
In base 14, what is 2 - 164d?
-164b
In base 14, what is -92 - -12?
-80
In base 3, what is 1 + -20100?
-20022
In base 9, what is 2 + -48?
-46
In base 6, what is 5 - 313?
-304
In base 10, what is -56 + 34?
-22
In base 11, what is 3 + 153?
156
In base 12, what is 1 + -53?
-52
In base 6, what is 5 + 3?
12
In base 3, what is 0 - 11020?
-11020
In base 4, what is -203 + -113?
-322
In base 8, what is 10045 + -3?
10042
In base 5, what is 1433 + 432?
2420
In base 12, what is 170 - -3?
173
In base 6, what is -3 - -12?
5
In base 12, what is -32 + 7?
-27
In base 8, what is -103345 + 5?
-103340
In base 15, what is -3 - 41b?
-41e
In base 15, what is 2 - 2e?
-2c
In base 13, what is c62 + -4?
c5b
In base 8, what is -5 - 25?
-32
In base 8, what is 147 + 10?
157
In base 13, what is -6 - -26?
20
In base 6, what is 303210 + 1?
303211
In base 12, what is -198 + 0?
-198
In base 12, what is -36 - 3?
-39
In base 8, what is -10213 - -4?
-10207
In base 12, what is -5 - 22?
-27
In base 10, what is -17 + 3?
-14
In base 15, what is -2 - -3c0?
3bd
In base 15, what is -12 - 11?
-23
In base 6, what is 110 + -3?
103
In base 15, what is 1dd + 5b?
249
In base 2, what is 1 - -10001000?
10001001
In base 8, what is -12 - 15?
-27
In base 14, what is 5 - -a?
11
In base 10, what is 2 - 54?
-52
In base 16, what is -5 - 260?
-265
In base 3, what is 102100 - 1122?
100201
In base 8, what is 6 + -1014?
-1006
In base 4, what is -12 - -100?
22
In base 9, what is -2 + 17?
15
In base 15, what is b10 + -4?
b0b
In base 12, what is -5 - -2ab5?
2ab0
In base 3, what is -20012 - -21?
-12221
In base 3, what is -2 + 1111001?
1110222
In base 6, what is -3 + 52?
45
In base 9, what is -300 - 5?
-305
In base 2, what is -101100010 + 100?
-101011110
In base 9, what is 0 - -3256?
3256
In base 14, what is 0 + 9a1?
9a1
In base 10, what is 293 + -2?
291
In base 15, what is -d + -9?
-17
In base 9, what is -6344 - -5?
-6338
In base 4, what is -3 + 3201?
3132
In base 9, what is 222 + 50?
272
In base 13, what is -5 + -c?
-14
In base 8, what is 0 - -134?
134
In base 8, what is 561 - 7?
552
In base 12, what is -12b1 + 4?
-12a9
In base 7, what is 436 - -4?
443
In base 7, what is 4 - 1433?
-1426
In base 8, what is 5 + -3111?
-3104
In base 7, what is 256 + -234?
22
In base 14, what is -32d - 4?
-333
In base 5, what is 40 - 423?
-333
In base 14, what is -1bd + -17?
-1d6
In base 10, what is 1 + -1468?
-1467
In base 7, what is 5 + 202?
210
In base 5, what is -112 + -3?
-120
In base 12, what is -26 + 84?
5a
In base 4, what is 102 - 13?
23
In base 14, what is 5 - -95?
9a
In base 9, what is 3 - -76?
80
In base 9, what is -767 + 0?
-767
In base 9, what is -5 + -18?
-24
In base 14, what is -4 - -97?
93
In base 5, what is -2323 + 43?
-2230
In base 16, what is 4 - 37?
-33
In base 13, what is 416 - b?
408
In base 9, what is -287 - 0?
-287
In base 11, what is 1612 - 5?
1608
In base 16, what is -244 - -4?
-240
In base 14, what is 30 + -d?
21
In base 14, what is -18 - 52c?
-546
In base 2, what is 100 + -10101011001?
-10101010101
In base 5, what is -1 + -40?
-41
In base 10, what is -5 - -444?
439
In base 3, what is 0 + -2101212?
-2101212
In base 6, what is 4 - 22?
-14
In base 11, what is -4 - -1540?
1537
In base 14, what is 2 - 25?
-23
In base 7, what is -30515 + -2?
-30520
In base 5, what is -221 - 3?
-224
In base 6, what is 20 + 132?
152
In base 15, what is 8 + 575?
57d
In base 5, what is -14 + 1122?
1103
In base 3, what is 201 - -201110?
202011
In base 5, what is 101 + 0?
101
In base 4, what is -20 + -3?
-23
In base 13, what is -37 - -43?
9
In base 13, what is -3 - -4c8?
4c5
In base 12, what is -9 + -9?
-16
In base 4, what is 312 + -11?
301
In base 3, what is 220 - 2?
211
In base 15, what is 1 + -21e?
-21d
In base 11, what is 632 + -5?
628
In base 10, what is -91 + 4?
-87
In base 16, what is c44 + -7?
c3d
In base 10, what is 4 + 13?
17
In base 13, what is -18c9 + -4?
-1900
In base 14, what is -32 - 45?
-77
In base 9, what is 106 + 1?
107
In base 12, what is -512 + -13?
-525
In base 8, what is 5 + 124?
131
In base 6, what is -24512 - 4?
-24520
In base 10, what is -221 + 15?
-206
In base 10, what is 5 + -82?
-77
In base 11, what is 294 - -4?
298
In base 14, what is 6 + 43?
49
In base 2, what is -1101001 - 101?
-1101110
In base 2, what is -101110 + -1111010?
-10101000
In base 9, what is 4 - -235?
240
In base 5, what is 33 - 2134?
-2101
In base 13, what is -b8 + 14?
-a4
In base 3, what is -100000 + 2?
-22221
In base 12, what is 1b + 4?
23
In base 3, what is -1121 + 12?
-1102
In base 4, what is -21313 + 1?
-21312
In base 16, what is 3 + 2b?
2e
In base 4, what is -20 + -112?
-132
In base 9, what is -50 - 5?
-55
In base 14, what is 6 - -a?
12
In base 11, what is -167 + 14?
-153
In base 12, what is -4 - 13a?
-142
In base 2, what is 10011 - -10?
10101
In base 3, what is 11 - 1020?
-1002
In base 10, what is 17818 - -5?
17823
In base 3, what is 11 - 2002021?
-2002010
In base 13, what is -2b - 0?
-2b
In base 4, what is 3303321 - -2?
3303323
In base 9, what is 4 + 4257?
4262
In base 14, what is -14 + 0?
-14
In base 6, what is 10054 + -24?
10030
In base 16, what is -4 - 2c?
-30
In base 15, what is -4 + -258?
-25c
In base 13, what is -37 - 2?
-39
In base 4, what is 201 - 223?
-22
In base 6, what is 2500 - 10?
2450
In base 16, what is 1 + -e?
-d
In base 4, what is 202 - 0?
202
In base 2, what is 110101110 - -1110?
110111100
In base 10, what is -135 + 30?
-105
In base 8, what is 14067 + 5?
14074
In base 16, what is -6f - 0?
-6f
In base 5, what is 0 + -13331?
-13331
In base 9, what is 2 - 548?
-546
In base 5, what is 30 + -10214?
-10134
In base 15, what is 5 - -166?
16b
In base 14, what is -3 - 12b6?
-12b9
In base 4, what is 23320 + 11?
23331
In base 16, what is -33 + 4?
-2f
In base 8, what is 5 - 306?
-301
In base 11, what is -4 + -16?
-1a
In base 14, what is 2 - -26?
28
In base 10, what is -93 + -37?
-130
In base 3, what is 0 - -11221022?
11221022
In base 13, what is -5b8 + 1?
-5b7
In base 8, what is 336 + 2?
340
In base 15, what is 270 + 5?
275
In base 3, what is -11 + 1200202?
1200121
In base 10, what is 574 - 1?
573
In base 4, what is -3 - 1333?
-2002
In base 14, what is 7 + -21?
-18
In base 9, what is -87 - -5?
-82
In base 3, what is -120200 - -1?
-120122
In base 7, what is 2 - -1014?
1016
In base 12, what is 38 - -131?
169
In base 7, what is -2200 - -2?
-2165
In base 12, what is 5 - 9?
-4
In base 4, what is -3 + 1113?
1